igit of g?
7
Let w = -115 + 545. What is the units digit of w?
0
Let g(d) = d**2 + 10*d - 26. Suppose 59 + 11 = -5*w. What is the units digit of g(w)?
0
Let n(o) = 40*o**2 - 3*o + 27. What is the thousands digit of n(-9)?
3
Suppose 0 = 5*a + 5*f + 5 - 25, -a + 24 = -3*f. Let p(c) = -c**3 + 8*c**2 + 10*c - 4. Let q be p(a). Suppose -q*w + 63 = -12. What is the tens digit of w?
1
Suppose 0 = -3*v - 2*i + 25, 8 + 16 = 4*v - 2*i. What is the units digit of v + -7 + (-2 - -4)?
2
Let k = -8 - -18. Let r(m) = 11 + 4 - 8*m + k*m. What is the tens digit of r(7)?
2
Let u(a) = 4*a**2 + 3*a + 113. What is the hundreds digit of u(-13)?
7
Suppose n + 195 = 3*n - 3*g, 382 = 4*n + 2*g. Suppose -n = -7*p + 338. What is the tens digit of p?
6
Suppose 31*s = 34*s - 15. Suppose s*p - 5*c = 942 + 583, -3*p + 919 = c. What is the tens digit of p?
0
Suppose -165 = 3*d - 3*u - 600, -584 = -4*d + 5*u. What is the hundreds digit of d?
1
Suppose 60 = -4*j + 3*j. What is the tens digit of 1*j*72/(-30)?
4
Let i(t) = -29*t - 151. What is the tens digit of i(-15)?
8
Let t be 25 + 4/12*-1*3. Let k(l) = l**2 - 23*l + 37. What is the units digit of k(t)?
1
Let c(z) = -3*z**3 - 2*z**2 + 1. Let p be c(-1). Let a(n) = 3*n + 9*n**p - 8*n + 1 - 3*n**2 + n**3. What is the tens digit of a(-6)?
3
Suppose -4*j = -j + 9. Let h(a) = 6*a**2 - 2*a + 6. What is the tens digit of h(j)?
6
Let w = 2848 - 1842. What is the thousands digit of w?
1
What is the tens digit of 3*1/((-12)/(-1576)) + -3?
9
Let o be (-4)/6*1*-39. Suppose 4*c - 250 + o = 0. What is the units digit of c?
6
Let u(o) = o**2 - 2*o + 4. Let n be u(0). Suppose -n*p - 5*k + 343 = 0, -3*p - 4*k - 316 = -7*p. What is the tens digit of p?
8
Suppose -24*d = -25*d + 442. What is the tens digit of d?
4
Suppose 0 = 168*t - 185*t + 16830. What is the tens digit of t?
9
Let x(h) be the third derivative of 0 - 5*h**2 - h**3 + 0*h + 1/12*h**4. What is the units digit of x(7)?
8
Suppose -3*o - 22 = -4*m - 0*m, 4*o + 8 = 0. Suppose 0*x - 5*x = m*a - 71, -2*x + 62 = 3*a. Let s = a + 3. What is the tens digit of s?
2
Suppose 2*b - 4*b + 5948 = 4*l, b + l - 2978 = 0. What is the hundreds digit of b?
9
Suppose a - 1 = 5*d - 16, -5*d = -5*a + 5. Suppose 5*c = 3*v - 310, -2*v - a*c = -201 + 11. What is the units digit of v?
0
Let r(s) = s**3 - 2*s**2 + 6*s + 107. What is the units digit of r(0)?
7
Suppose -6 = -5*l + 4. Let o = 3 + l. Suppose 3*p - 39 = -2*w, -5*w = -w + o*p - 81. What is the units digit of w?
4
Let d = 147 + -79. What is the tens digit of d?
6
Suppose a + 6 = -9. Let m(z) = -8*z + 2. Let d be m(-3). Let j = d + a. What is the tens digit of j?
1
Let z(j) = 151*j**3 - 5*j + 5. What is the units digit of z(2)?
3
Suppose 3*l = -l + 128. Suppose 3*x + 51 = -3. Let y = x + l. What is the tens digit of y?
1
Suppose -f - 3 = -2*m + 7, -2*m + 2 = f. Suppose u - 1 = -2*o + 5, -2*o + 14 = m*u. What is the units digit of o?
1
Let i = -11 + 15. Suppose 27 + 108 = 5*y + i*o, -5*o + 37 = 2*y. Let l = 45 - y. What is the units digit of l?
4
Let o = 10984 - 5275. What is the thousands digit of o?
5
What is the units digit of 48/6 + -9 + 1888?
7
Suppose 4*b + 6 = -6. What is the tens digit of (2/b)/(-1*(-2)/(-210))?
7
Let a(q) = -q**2 + 8*q + 1. Let c be (-160)/(-30) - 2/(-3). Let n be a(c). Let v = n + 22. What is the tens digit of v?
3
Suppose 0 = -8*f + 4*f + 1984. Suppose w = -7*w + f. What is the units digit of w?
2
Let q(y) = 3*y**3 - 2*y**2 - y - 3. Let x(k) = 3*k - 15. Let d be x(6). What is the units digit of q(d)?
7
Let a = 1 - -2. Suppose 0 = -a*c + 7*c + 16. What is the units digit of 65/9 + c/18?
7
Let t(v) = -7*v**2 - 7*v + 9. Let l(z) = 3*z**2 + 4*z - 5. Let x(n) = -7*l(n) - 4*t(n). Let p be (7/(-56))/(1/(-8)). What is the units digit of x(p)?
6
Let a(z) = -3 - 3 - z - z + 10*z. What is the tens digit of a(3)?
1
Let u = 15 + -12. Suppose 6 = -0*d - u*d. Let r(b) = -10*b - 6. What is the units digit of r(d)?
4
Let s = -9 - -18. Let p(g) = g**2 - 7*g - 13. Let d be p(s). Suppose -a - d = -27. What is the units digit of a?
2
Let p be (-6)/(-10) - 8/(-20). What is the tens digit of (-648)/(-60) + p/5?
1
Let a(h) = -h**3 + 23*h**2 - 10*h - 36. Let x be a(21). Suppose -5*d + d = -x. What is the tens digit of d?
5
Suppose -15 = -3*k - 3*b - 0, 3*k = -2*b + 10. Suppose k = 8*y - 33 - 87. What is the tens digit of y?
1
Let p = 2210 - 1480. Suppose -5*f = 2*n - p, -3*f + 3*n + 730 = 2*f. What is the tens digit of f?
4
Suppose 4 = 2*p, 3455 = 66*s - 61*s - 5*p. What is the hundreds digit of s?
6
Suppose 2*o + 2*s = 1135 + 3137, -4*o = -5*s - 8544. What is the tens digit of o?
3
Let w = -2746 + 1932. What is the hundreds digit of w/(-6) - (-14)/(-21)?
1
Suppose -5*g + 36 = 16. Suppose 28 = o - g*l, -l - 75 + 11 = -5*o. What is the units digit of o/(-1 + (-5)/(-2))?
8
Suppose -z + 3*s + s + 80 = 0, -2*s + 62 = z. What is the tens digit of z?
6
Let w = 932 - -245. What is the tens digit of w?
7
Let u = -8 - -9. What is the units digit of -31*(-5 + 2 + u)?
2
Let v(h) be the first derivative of 13*h**2/2 - 2*h + 2. What is the tens digit of v(7)?
8
Suppose -2*y + 1232 = 3*b, -13*b - 1843 = -3*y - 15*b. What is the units digit of y?
3
Suppose -3*z + 10 = t, t - 13 = -5*z + 3*t. Suppose 0 = 3*v - 4*p - 181, 2*v + 5*p = -z*v + 325. Suppose 0*f - v = -3*f. What is the units digit of f?
1
Let u(n) be the first derivative of 4*n**2 - 7*n + 8. What is the tens digit of u(7)?
4
Let a be 187/9 - 4/(-18). Suppose 0 = -u + 5*p - a, 4*p - 32 = -2*u - u. Suppose -u*i - 14 = 2*r - 62, 0 = i - 2*r - 17. What is the tens digit of i?
1
Let h(z) = 9*z**2 + 18*z + 295. What is the thousands digit of h(-10)?
1
Suppose -14503 = -5*c + 4*w, -4*c - 12*w = -8*w - 11624. What is the thousands digit of c?
2
Let t = -137 - -241. Suppose 0 = 17*u - 9*u. Suppose 0*b + 4*b - t = u. What is the tens digit of b?
2
Let t(f) = f**3 + 6*f**2 - 7*f - 5. Let i be t(-7). Let k be (-6)/i*15/2. Suppose 2*n = -n + k. What is the units digit of n?
3
Let x = 3559 - 775. What is the units digit of x?
4
What is the units digit of 5 + (2 - -1067) + 3?
7
Suppose -w = -5*l - 163, -2*l + 3*w = -30 + 103. Suppose 2*z - 5*t = 4*z - 33, 0 = -z - t + 9. What is the units digit of (-1)/(z/l*2)?
4
Let w(f) be the first derivative of f**4/4 + 10*f**3/3 + 2*f**2 + 4*f + 3. What is the tens digit of w(-6)?
2
Let l(x) be the second derivative of x**7/2520 - x**6/60 + x**5/10 + x**4/2 - 2*x. Let v(r) be the third derivative of l(r). What is the units digit of v(12)?
2
Suppose 0 = 7*u - 5*u - 58. Suppose 1 = 5*c - u. What is the units digit of c?
6
Let a be 17/85 + ((-18)/(-10) - -1). Suppose 3*r = -a*h + 142 + 287, -4*r - 5*h = -571. What is the units digit of r?
4
What is the tens digit of (8 + -12 - -12) + 1318?
2
Let j(a) = a**2 - 52*a - 177. What is the units digit of j(-32)?
1
Suppose 96*d + 226800 = 150*d. What is the units digit of d?
0
Let q(h) = 10*h**2 + 22*h + 7. Let t be q(-8). Let v = t - 302. What is the tens digit of v?
6
Suppose l = 4*w + 744, 3*l - 4*w - 3752 = -2*l. What is the tens digit of l?
5
Suppose 20*k = 18*k - 4068. What is the tens digit of k/(-39) - (-2)/(-13)?
5
Let t(f) = 7*f + 5. Let a(s) = 10*s + 8. Let i(y) = -5*a(y) + 7*t(y). Let w be i(-14). Let v(n) = -n**2 + 10*n + 2. What is the tens digit of v(w)?
1
What is the hundreds digit of 27/63 + (-38152)/(-28)?
3
Let p(q) = 332*q**2 + 3*q - 2. What is the hundreds digit of p(1)?
3
Suppose 4*x + 15 + 1 = 0. What is the hundreds digit of -1*(x/18 - 1627/9)?
1
Suppose -4*l + 384 = -u - 0*u, -2*l = 5*u - 192. Suppose -l - 44 = -7*x. Suppose 2*m - 2*h = -0*m + x, -3*m = -2*h - 30. What is the units digit of m?
0
Let v(l) = 8*l - 3*l + 2 - 12*l. What is the tens digit of v(-6)?
4
Let l = 91 - 89. What is the tens digit of (-95)/(-18)*10 + l/9?
5
Let w = -142 + 314. Suppose -126 = -3*i - 4*t + w, 4*i - 392 = -4*t. What is the units digit of i?
4
What is the hundreds digit of 4*32/1 - 42/(-21)?
1
Suppose 2*f - 22 = 2*t + 6*f, -4 = 2*t - 2*f. Let u = 9 + t. Suppose -3*n + u*h = -139, 43 + 53 = 2*n - 2*h. What is the tens digit of n?
5
Let p be (-1 - -2)*(-22)/11. Let q be 6/(-12) + (-325)/p. Suppose -5*c = -v + 44, 5*c + q = -v + 4*v. What is the units digit of v?
9
Let i = 98 - 15. What is the tens digit of i?
8
Suppose -10*w - 